= 73*i**2 - 3*i + 2. Let p be x(2). Suppose y*s + p = 7*s. What is the highest common divisor of 12 and s?
12
Suppose 16*m - 728 = 18*m. Let r = m - -596. Suppose 3*p = -p - 3*v + 236, 4*p + 2*v - r = 0. What is the greatest common factor of 7 and p?
7
Let u be (20/(-6))/(70/(-84)). Calculate the highest common divisor of 5 and u.
1
Let b = -2146 - -2201. Calculate the greatest common factor of b and 5.
5
Suppose -o + 4*o - 99 = 0. Suppose 3*c = -4*a + 28, o + 35 = 3*c - 4*a. Calculate the greatest common factor of c and 128.
16
Suppose -3*m + 4*b = -44, 4*m - b = 6*m - 11. What is the highest common divisor of 24 and m?
8
Let d be -4*(-1 - (-2)/(-8)). Suppose -2*g + d = b + 2, g = -2*b. Suppose -2*i + 7 = -g*k - 81, 4*i + k = 196. What is the greatest common divisor of i and 32?
16
Let y(i) = 34*i**2 - i + 6. Let a = 51 + -49. Let r be y(a). What is the highest common divisor of 35 and r?
35
Suppose y - 8*y + 1295 = 0. Suppose -2*d - 2*o = -90, -4*o + o = -5*d + y. Calculate the highest common divisor of 10 and d.
10
Suppose 5*l = -4*q - 498, -3*l + 6*l - 4*q = -286. Let u = l + 126. What is the greatest common divisor of u and 70?
14
Let x be (-13)/(-3) + (-7)/21. Suppose s = 3*s - 16. Calculate the greatest common divisor of x and s.
4
Suppose 6 = j - 0*x + x, 5*j - 22 = 3*x. Suppose 5*h = 4*m - 35, -j*m + h + 48 = -h. Let f be (m/4)/(1/4). Calculate the greatest common divisor of 5 and f.
5
Let k(l) = -7*l - 4. Let u be k(-1). Suppose 5*o - 5*b - 188 = -u*b, -2*o - 5*b = -81. What is the greatest common divisor of o and 19?
19
Suppose 0 = -5*m - t - 65, -4*t + 44 = -5*m - 46. Let s be 4 - (m/2 - -4). What is the greatest common divisor of s and 7?
7
Let q(a) = 606*a**2 - 8*a + 5. Let x be q(1). Calculate the highest common divisor of 27 and x.
9
Let d = -88 - -133. Let l = d - -105. What is the highest common divisor of l and 60?
30
Let l = -10 - -4. Let v be ((-2)/l)/((-7)/(-126)). Suppose v + 78 = 2*f. What is the highest common factor of 6 and f?
6
Suppose -3*k + 18 = -2*k. Suppose 29 = 4*s - 3. Suppose 0 = -4*j + s*d - 4*d + 28, -4*j + k = d. Calculate the highest common divisor of 10 and j.
5
Let g(n) = -n**2 - n + 8. Let r be g(-4). Let x be (-2)/r - (-84)/8. What is the highest common factor of x and 22?
11
Let a = 25 + -18. Suppose -3*b + 95 = -2*c + 7*c, -3*c = -5*b - 23. Let s = c + 47. What is the greatest common factor of a and s?
7
Suppose -5*x + 35 = 15. Suppose -p + 105 = -n, n = x*p + 5*n - 460. What is the greatest common divisor of p and 10?
10
Let k be 31 + 1 - (-2 + 2). Suppose 0 = -5*i - 2 + k. Suppose 6*q - 23 = -11. What is the highest common divisor of q and i?
2
Let o(v) = 3711*v - 207. Let z be o(1). What is the highest common factor of 16 and z?
16
Let v = -159 - -161. Suppose 0 = -2*f + 3*z - 6, -2*f = -5*z + 3 + 11. What is the highest common divisor of f and v?
1
Let o be 0 + 4 + (-2)/(-1). Suppose 2*v - 3*k = -o*k + 30, 2*k - 8 = 0. What is the greatest common factor of 18 and v?
9
Suppose 8*r = 13*r - 10. Suppose -2*o - 2*f = -f - 80, o + r*f = 40. Calculate the highest common factor of 60 and o.
20
Let t be (0 - -5) + -2 + 1. Suppose 0 = 3*h + h - t*v - 68, -2*h - 5*v = 1. Calculate the highest common divisor of h and 3.
3
Suppose d + 49 = 238. What is the highest common factor of 27 and d?
27
Suppose -10*p + 8*p = 0. Suppose 5*t + 226 - 1101 = p. Calculate the highest common factor of 25 and t.
25
Let m(f) = 2*f - 3. Let u be m(17). Let y = u - 6. Calculate the greatest common divisor of 75 and y.
25
Let u be (1 - 23/(-3))*18/12. Let k(p) = p**2 + 7*p + 9. Let t be k(-9). Let y = t - u. Calculate the greatest common factor of y and 56.
14
Suppose 2*t - 104 = 4*s, 0 = -5*t + 4*s - 7*s + 312. Calculate the highest common divisor of 36 and t.
12
Let i(y) = 4*y + 13*y**2 - 11*y**2 - y - 19*y**3 + 2. Let x be i(-1). What is the greatest common factor of 20 and x?
20
Suppose -5*d = 136*y - 139*y + 280, -y - 4*d = -65. Calculate the greatest common factor of 935 and y.
85
Let u be 1100/5 + 10 + -5. Suppose -125 = 2*p - 7*p. Calculate the greatest common factor of u and p.
25
Let s be 483 + (6 + -8)*(-3)/(-2). Calculate the highest common divisor of 15 and s.
15
Let g = -8 + 183. Let l = 19 + 6. Calculate the greatest common divisor of l and g.
25
Suppose -4*b = 2*u - 4*u - 468, -b + 117 = u. Suppose 0*r + 2*r = -30. Let m = -2 - r. Calculate the highest common factor of b and m.
13
Let a = 277 + -193. Calculate the greatest common factor of 98 and a.
14
Suppose -350 = 3*d - 8*d. Let m(g) = g**2 - 4*g + 10. Let f be m(4). Calculate the greatest common factor of f and d.
10
Let a = 858 + -752. Calculate the greatest common factor of 530 and a.
106
Suppose 2*k - 32 = -2*n, -k + 10 = -54*n + 58*n. Calculate the greatest common divisor of 1746 and k.
18
Let o = -298 + 368. Calculate the highest common factor of 30 and o.
10
Let i(r) = -2*r**3 - 25*r**2 - 13*r + 18. Let m be i(-12). What is the highest common factor of m and 375?
15
Let r = -1250 + 1271. Calculate the greatest common divisor of 14 and r.
7
Let d(t) = 7*t. Suppose 2*a - 154 = i, 190 = 2*a + i + 44. Let f be (-2)/15 - (-85)/a. Let r be d(f). Calculate the greatest common divisor of r and 7.
7
Let k = -1 + 1. Suppose 4*v = -k*v + 24. Let o be (-252)/(-30) + v/10. What is the highest common factor of 72 and o?
9
Let d be 144/15 + (-6)/10. Let t(s) = 8*s + 8. Let c be t(d). Calculate the greatest common divisor of c and 10.
10
Suppose -3*h + 5*r = -30, -h + 0 = 2*r + 1. Suppose -2*a = -42 - 60. Let t = 96 - a. What is the greatest common divisor of t and h?
5
Let c be ((-35)/2)/((-11)/44). Calculate the greatest common divisor of 40 and c.
10
Let q be -1 - ((-30)/5 - -3). Suppose -q*w + 5*x - 4 = -1, 0 = 2*w + x - 27. Calculate the highest common divisor of 55 and w.
11
Let f be ((-230)/(-15))/((-6)/(-9)). Suppose 5*j - 14 = 101. Calculate the greatest common divisor of j and f.
23
Let z(b) = -3*b**2 + 5*b**2 + 3*b + 4 - 4. Let q be z(-8). Let o = q + -58. What is the highest common factor of o and 69?
23
Let u(w) = -3*w**2 - 90*w - 23. Let i be u(-16). What is the greatest common factor of 22 and i?
11
Let y = 358 - 338. Calculate the greatest common factor of 320 and y.
20
Let l(z) = 1 - 12*z - 2 - 2. Let j be l(-2). Suppose -4*p - u + 209 = p, -5*u - 131 = -3*p. What is the greatest common factor of p and j?
21
Let n = 3654 + -2109. What is the greatest common divisor of 30 and n?
15
Suppose 0 = -k - 3*c - 10, 0*k - 2*k + 4*c + 30 = 0. Suppose 0 = k*m - 272 + 72. What is the highest common divisor of 8 and m?
8
Let j be 113 + (-52)/(-4) + 6. Let o = -4 - -6. Let c be 13 + (1 - o) + 0. Calculate the greatest common factor of j and c.
12
Suppose 0 = f - 1 - 21. Let d = f + -1. Suppose -d = -2*p + 11. Calculate the greatest common factor of 8 and p.
8
Let u be (-1010)/(-24) - 193/2316. Let i = 14 - -7. What is the highest common divisor of u and i?
21
Suppose -5*u + 18 = -2*g + 451, 3*g = 3*u + 258. Let w = 103 + u. What is the highest common factor of w and 40?
8
Let y(l) = -8 + 14*l**2 - 2*l + l**3 - 10 - l**2 + 0*l**3. Let j be y(-13). Calculate the greatest common divisor of 8 and j.
8
Suppose -5*g + 2*v - 18 = v, -4*g + v = 15. Let q be 2/3*12 + g + 2. Let w = 35 - 14. Calculate the greatest common divisor of q and w.
7
Suppose -100 = -3*t + 2*v, -3*v = 3*t + 2*t - 192. Calculate the highest common factor of 18 and t.
18
Let m = -38 + 40. Suppose 4*k + 0*i = -m*i + 28, 2*k - 14 = -4*i. Calculate the highest common factor of k and 7.
7
Let t = 9 + 4. Let y(q) = -5*q - 10. Let f be y(4). Let g be (-3534)/f - 4/5. Calculate the highest common factor of g and t.
13
Suppose -5*r + 2985 = -7*l + 2*l, -1767 = -3*r - 5*l. Calculate the highest common divisor of 54 and r.
54
Let l be -1 - (-8)/(3 + (-28)/10). What is the highest common divisor of l and 6?
3
Suppose -3*z = -5*u - 7, 15 = 5*z - 5*u - 0. Suppose 0 = -3*d - i - 3, -i - 5 = -2. Suppose d = -z*v + v + 30. Calculate the highest common divisor of 80 and v.
10
Suppose -g = -4*c + 13, 23 = g + 4*c + c. Suppose 2*n + 11 + 1 = 5*l, l - g = n. Suppose l*w - 80 = w. What is the greatest common divisor of 10 and w?
10
Let s(z) = -z**2 - 54*z + 35. Let t be s(-54). Let f be -1*2 - (-9 - -2). Calculate the